+ 6894. Calculate the highest common factor of v and i.
43
Suppose 0 = 7*o + 135 - 471. Let q = 35 - 23. Calculate the greatest common factor of o and q.
12
Suppose 0*c + 5*g = c + 12, -5*c + 5*g = 40. Let k be (-45)/(-21) + 1 + 8/c. Let l = 4 + 12. What is the greatest common factor of l and k?
2
Suppose 8 = 4*y, 2*l + 3*y + 3794 = 6*l. Suppose 4*t = -21*t + l. What is the greatest common factor of t and 133?
19
Let r = 634 - 544. Let y(q) = q**3 - 6*q**2 + 5*q - 5. Let o be y(5). Let s be (o/4)/(2/(-16)). What is the highest common factor of s and r?
10
Let i(q) = 7*q**3 + 20*q**2 - 145*q + 51. Let n be i(6). Calculate the highest common factor of 153 and n.
9
Suppose -66*a = -28*a - 530480. What is the greatest common divisor of 10 and a?
10
Suppose -9*w + 51 = 141. Let c be -2*(0 - -1)*275/w. Calculate the highest common factor of 22 and c.
11
Let d(j) = -5*j - 42. Let o(g) = 21 - g - 7*g + 10*g. Let z(x) = -6*d(x) - 13*o(x). Let s be z(12). Calculate the greatest common factor of 9 and s.
9
Let v be (-42)/30*(-2 + -3). Let t(z) = -z**2 + 25*z - 100. Let x be t(v). What is the greatest common divisor of x and 2?
2
Let y = -63 + 111. Suppose 0 = 6*c + 550 - 580. Suppose 0 = 8*k - 6*k + 2*f - 872, 4*k - c*f = 1708. What is the highest common factor of k and y?
48
Let s be (-10)/(-4)*(-312)/(-195). Suppose v - 3*x - 126 = 0, 4*v + 5*x - 478 = s*x. Calculate the highest common factor of 264 and v.
24
Suppose -26 = -2*r + 38. Suppose 12*b - 3*b - 2583 = 0. Let n = -31 + b. What is the greatest common factor of n and r?
32
Let t(j) = 14*j**3 - j**2 - j + 1. Let o = -102 - -103. Let u be t(o). Suppose -u*y = -15*y + 84. What is the highest common factor of y and 42?
42
Let g be ((-69)/6)/(((-1)/1)/36). Let x(i) = 6*i - 134. Let u be x(30). Calculate the greatest common factor of u and g.
46
Suppose -33*i = -446 - 16. What is the greatest common divisor of i and 567?
7
Suppose -180 = -23*v + 188. Let w be (v + -20)*378/(-8). What is the greatest common factor of 27 and w?
27
Let n be 4 + -7 - 5/(-1). Let u(g) = 3*g - 5. Let v be u(5). Suppose 2*d - z - 4 = -0, 2*z = -n*d + v. What is the highest common factor of d and 3?
3
Let i = -3355 - -3567. What is the highest common factor of 2014 and i?
106
Suppose 5*w - 60 = -5*h, -26*h + 23*h + 26 = -2*w. Let o(y) = 2*y**2 - 20*y + 21. Let l be o(h). Calculate the greatest common divisor of l and 168.
21
Suppose -4*k = -142*b + 138*b + 964, -2*b = -3*k - 490. Calculate the highest common divisor of b and 29.
1
Suppose -3*k + 4*s = -343 - 177, -10 = -2*s. Let q(m) = -3*m**3 + m**2 - m - 1. Let c be q(2). Let g = c + 43. Calculate the highest common factor of g and k.
20
Suppose 418 = 8*w - 182. Let a be 15/w + -3*208/(-30). What is the greatest common factor of 63 and a?
21
Let s(o) = -o**3 + o**2 + 4*o. Let f be s(-2). Suppose -f*h = 2*v - 16, -4 = v - h - h. Calculate the greatest common factor of v and 22.
2
Let l(u) = u**3 + 11*u**2 - 18*u - 23. Let o be l(-12). Let h be 6*(-1)/(-2) - o. Let y = -36 - h. What is the highest common divisor of 25 and y?
5
Let x(j) = 0*j - 21*j**2 + 32*j**2 - j. Let p be x(-3). Calculate the greatest common divisor of 255 and p.
51
Suppose -7915*s = -7896*s - 1786. What is the greatest common factor of s and 94?
94
Suppose 0 = -5*m - 7*u + 8*u + 12661, 4*m = 3*u + 10131. Suppose m = 36*x + 336. Calculate the greatest common factor of x and 61.
61
Let x(b) = b**2 - 5*b - 23. Let w be (-9 - 0)*(-18)/81 - -6. Let y be x(w). Let o be 111/15 + y*6/10. Calculate the greatest common divisor of 1 and o.
1
Suppose -b = -2*w - 4131, 0*b = 3*b + 3*w - 12366. What is the greatest common factor of 264 and b?
33
Let r(i) = -i - 2*i + 23 - 25 + 9. Suppose -2*g - 1 = 3*p, -p - 3*g + 0*g = -9. Let x be r(p). Calculate the highest common divisor of x and 24.
8
Suppose -25*i + 27*i = -66. Let f = i + 39. Suppose -5*c + 16 = f. Calculate the greatest common factor of c and 10.
2
Let o = 925 - 551. Calculate the highest common factor of 550 and o.
22
Let v = 156 + -63. Suppose -3*b = -3*g - v, -4*g + 26 + 5 = b. Calculate the highest common factor of b and 217.
31
Let y(o) = -268*o**3 + 2*o**2 - 5*o - 36. Let p be y(-4). What is the greatest common factor of p and 116?
116
Let o(d) = -17*d + 78. Let m(j) = 37*j - 156. Let x(y) = 2*m(y) + 5*o(y). Let c be x(-13). What is the greatest common divisor of 13 and c?
13
Let q = -37 - 9. Let f = q - -41. Let y(s) = s**3 + 5*s**2 - s + 6. Let c be y(f). What is the greatest common divisor of c and 121?
11
Suppose -2*p = -3*r - 205 + 69, -4*r = -3*p + 180. Suppose -32 = o + 2*h, -2*o - 2*h - 66 = -0*o. Let z = o - r. What is the highest common divisor of 70 and z?
14
Suppose -21*z + 3726 = -30*z. Let k be (-4)/1*z/184. Calculate the highest common divisor of 33 and k.
3
Let l be 52/(-6)*(561/85)/(3/(-15)). What is the greatest common divisor of l and 598?
26
Let u(o) = -6*o - 11. Let j be u(-3). Suppose -4*x + j = 31. Let w be (-1)/1*(x - 6). Calculate the greatest common divisor of 18 and w.
6
Let j(q) = -q**2 + 75*q + 145. Let x be j(71). Calculate the highest common divisor of x and 132.
33
Let k be (-200)/(24 - 14)*144/(-10). Let t = 41 + -23. What is the greatest common divisor of k and t?
18
Let u(x) = -12*x - 126. Let v be u(0). Let q be (-130221)/v - (-1 + (-1)/2). Suppose -q = 62*t - 67*t. Calculate the greatest common divisor of t and 23.
23
Suppose 49*a = 44*a + 3510. Calculate the highest common factor of a and 130.
26
Suppose 0 = -21*h - h + 308. Suppose h*q - 41 - 197 = 0. Calculate the greatest common factor of 272 and q.
17
Suppose -59*a = -0*a - 90506. Calculate the highest common factor of a and 472.
118
Let q(x) = -154*x + 69. Let m be q(-5). What is the highest common divisor of 1 and m?
1
Suppose 58 = -t + o + 140, 2*o = -t + 91. Calculate the highest common divisor of 3400 and t.
85
Suppose 180 = 2*y - 104. Let s = 331 - y. Suppose d = -g + 104, s + 311 = 5*d + g. What is the highest common divisor of 11 and d?
11
Let q be 12/(-90) - 52716/180. Suppose z - 3*z = 4*p + 338, 3*z - 5*p = -529. Let o = z - q. What is the greatest common factor of 24 and o?
24
Let l(a) = -2*a**2 + 92*a + 2626. Let i be l(-19). What is the greatest common factor of 12246 and i?
78
Let a be (-1)/((-973)/42 + 23). Calculate the greatest common factor of 10119 and a.
3
Let u(d) = -3*d - 17. Let s be u(-9). Let m = s - -10. Suppose m = -4*k, 2*l + l - 2*k = 37. What is the highest common factor of l and 81?
9
Let d(q) = -q**2 + 44. Let z be d(7). Let o(f) = -f + 26. Let s be o(z). Calculate the highest common divisor of s and 248.
31
Let c be (460/15)/((-61)/(-9699)). What is the highest common divisor of 2756 and c?
212
Let c = 7050 + -7017. What is the highest common factor of 2189 and c?
11
Let c be -5 - (-7 - -9 - 3). Let z be c/(18/(-45) + (-2)/(-30)). Suppose 0 = -4*p + 115 - 19. What is the highest common divisor of p and z?
12
Let q be (-16)/14*7/(-2). Suppose -q*w - 175 = -11*w. Suppose 0 = 3*g + 3*g - 30. What is the greatest common factor of w and g?
5
Suppose -26*r - 919 = -7393. Let j = r - 129. What is the greatest common factor of j and 15?
15
Let w(h) = h**2 + 3*h - 2. Let j be w(-5). Let f = 53 - 48. Suppose 2*x + f*x - 616 = 0. Calculate the highest common factor of x and j.
8
Let h = -662 + 89. Let p = 627 + h. What is the greatest common divisor of 42 and p?
6
Suppose -206 = 16*f - 3451 - 1011. Calculate the highest common factor of f and 238.
14
Let a = -2166 - -2340. What is the greatest common factor of a and 1334?
58
Suppose 24*q = 1608 + 1766 + 178. What is the greatest common factor of 592 and q?
148
Let c = -16080 + 16092. Calculate the highest common divisor of c and 261.
3
Let w be 43 - ((-6)/(-24))/(3/(-12)). Suppose -9*o + 377 + 1999 = 0. What is the highest common factor of o and w?
44
Let x(g) = -g + 1. Let t(c) = c**3 - 7*c**2 + 5*c + 3. Let a be t(6). Let p be x(a). Let h = -985 + 999. What is the highest common factor of h and p?
2
Let d(w) = -w**3 - 25*w**2 - 70*w - 39. Let y be d(-22). What is the highest common divisor of 17003 and y?
49
Suppose 4*g - 7565 = -3*w, 1348 = 2*g + 5*w - 2445. Suppose 15*b - g - 1486 = 0. Suppose -29*v = -24*v - b. Calculate the greatest common factor of v and 90.
45
Suppose -5*r + 2*b